{"id":24,"date":"2026-01-27T10:56:03","date_gmt":"2026-01-27T10:56:03","guid":{"rendered":"https:\/\/mirelladiaz.fpcei.eu\/?page_id=24"},"modified":"2026-02-25T11:04:36","modified_gmt":"2026-02-25T11:04:36","slug":"musica","status":"publish","type":"page","link":"https:\/\/mirelladiaz.fpcei.eu\/?page_id=24","title":{"rendered":"M\u00fasica&#x1f5a4;"},"content":{"rendered":"\n<div class=\"wp-block-group alignfull has-global-padding is-layout-constrained wp-container-core-group-is-layout-ebee8dc1 wp-block-group-is-layout-constrained\" style=\"margin-top:0;margin-bottom:0;padding-top:var(--wp--preset--spacing--50);padding-bottom:var(--wp--preset--spacing--50)\">\n<h2 class=\"wp-block-heading\">La m\u00fasica de la d\u00e9cada de los 2000 fue definida por una mezcla de pop-punk, rock alternativo, indie rock\u2026<\/h2>\n\n\n\n<p>Recordaremos grupos no tan conocidos, que merecen salir a la superficie una vez m\u00e1s&#x1fabd;<\/p>\n<\/div>\n\n\n\n<div class=\"wp-block-group alignfull has-global-padding is-layout-constrained wp-block-group-is-layout-constrained\" style=\"margin-top:0;margin-bottom:0;padding-top:var(--wp--preset--spacing--60);padding-bottom:var(--wp--preset--spacing--60)\">\n<div class=\"wp-block-columns alignwide is-layout-flex wp-container-core-columns-is-layout-74b2cda3 wp-block-columns-is-layout-flex\">\n<div class=\"wp-block-column is-layout-flow wp-block-column-is-layout-flow\">\n<h1 class=\"wp-block-heading\"><strong><em>HIM<\/em><\/strong><\/h1>\n\n\n\n<blockquote class=\"wp-block-quote is-layout-flow wp-block-quote-is-layout-flow\">\n<p><strong>HIM<\/strong>&nbsp;(a veces estilizado como H.I.M.) fue una banda de&nbsp;<a href=\"https:\/\/es.wikipedia.org\/wiki\/Rock_g%C3%B3tico\">rock g\u00f3tico<\/a>&nbsp;<a href=\"https:\/\/es.wikipedia.org\/wiki\/Finlandesa\">finlandesa<\/a>&nbsp;de&nbsp;<a href=\"https:\/\/es.wikipedia.org\/wiki\/Helsinki\">Helsinki<\/a>. Formada por primera vez en 1991 por el vocalista&nbsp;<a href=\"https:\/\/es.wikipedia.org\/wiki\/Ville_Valo\">Ville Valo<\/a>&nbsp;y el bajista&nbsp;<a href=\"https:\/\/es.wikipedia.org\/wiki\/Mikko_Paananen\">Mikko Paananen<\/a>&nbsp;bajo el nombre de&nbsp;\u201c<em><strong>His Infernal Majesty<\/strong><\/em>\u201d.<\/p>\n\n\n\n<p>En 2000, se uni\u00f3 el baterista Mika Karppinen y el tecladista Juska Salminen. La banda lanz\u00f3&nbsp;el \u00e1lbum <em>Razorblade Romance<\/em>, que alcanz\u00f3 el puesto n\u00famero uno en Finlandia, Austria y Alemania. El primer sencillo \u00ab<em>Join Me in Death<\/em>\u00bb tambi\u00e9n se ubic\u00f3 en el n\u00famero uno en Finlandia y Alemania.<\/p>\n<\/blockquote>\n\n\n\n<p>Actualmente el grupo est\u00e1 separado, pero el cantante principal contin\u00faa con su carrera musical en solitario. &#x1f90d;<\/p>\n\n\n\n<figure class=\"wp-block-image alignleft size-full is-resized\"><img loading=\"lazy\" decoding=\"async\" width=\"500\" height=\"370\" src=\"https:\/\/mirelladiaz.fpcei.eu\/wp-content\/uploads\/2026\/02\/BAFA8E26-E82A-4360-9282-39E3FED327EF-2.gif\" alt=\"\" class=\"wp-image-179\" style=\"width:360px;height:auto\"\/><\/figure>\n<\/div>\n\n\n\n<div class=\"wp-block-column is-layout-flow wp-block-column-is-layout-flow\" style=\"padding-top:0;padding-right:0;padding-bottom:0;padding-left:0\">\n<figure class=\"wp-block-image size-large\"><img loading=\"lazy\" decoding=\"async\" width=\"819\" height=\"1024\" src=\"https:\/\/mirelladiaz.fpcei.eu\/wp-content\/uploads\/2026\/01\/IMG_0106-2-819x1024.jpeg\" alt=\"\" class=\"wp-image-38\" style=\"aspect-ratio:1;object-fit:cover\" srcset=\"https:\/\/mirelladiaz.fpcei.eu\/wp-content\/uploads\/2026\/01\/IMG_0106-2-819x1024.jpeg 819w, https:\/\/mirelladiaz.fpcei.eu\/wp-content\/uploads\/2026\/01\/IMG_0106-2-240x300.jpeg 240w, https:\/\/mirelladiaz.fpcei.eu\/wp-content\/uploads\/2026\/01\/IMG_0106-2-768x960.jpeg 768w, https:\/\/mirelladiaz.fpcei.eu\/wp-content\/uploads\/2026\/01\/IMG_0106-2.jpeg 1080w\" sizes=\"auto, (max-width: 819px) 100vw, 819px\" \/><\/figure>\n<\/div>\n<\/div>\n<\/div>\n\n\n\n<h2 class=\"wp-block-heading\">\u00c1lbumes m\u00e1s conocidos:<\/h2>\n\n\n\n<div class=\"wp-block-columns are-vertically-aligned-center is-layout-flex wp-container-core-columns-is-layout-28f84493 wp-block-columns-is-layout-flex\">\n<div class=\"wp-block-column is-vertically-aligned-center is-layout-flow wp-block-column-is-layout-flow\">\n<figure class=\"wp-block-image size-full\"><img loading=\"lazy\" decoding=\"async\" width=\"727\" height=\"731\" src=\"https:\/\/mirelladiaz.fpcei.eu\/wp-content\/uploads\/2026\/01\/IMG_0108-2.jpeg\" alt=\"\" class=\"wp-image-46\" srcset=\"https:\/\/mirelladiaz.fpcei.eu\/wp-content\/uploads\/2026\/01\/IMG_0108-2.jpeg 727w, https:\/\/mirelladiaz.fpcei.eu\/wp-content\/uploads\/2026\/01\/IMG_0108-2-298x300.jpeg 298w, https:\/\/mirelladiaz.fpcei.eu\/wp-content\/uploads\/2026\/01\/IMG_0108-2-150x150.jpeg 150w\" sizes=\"auto, (max-width: 727px) 100vw, 727px\" \/><\/figure>\n<\/div>\n\n\n\n<div class=\"wp-block-column is-vertically-aligned-center is-layout-flow wp-block-column-is-layout-flow\">\n<figure class=\"wp-block-image size-full\"><img loading=\"lazy\" decoding=\"async\" width=\"812\" height=\"958\" src=\"https:\/\/mirelladiaz.fpcei.eu\/wp-content\/uploads\/2026\/01\/IMG_0107-1.jpeg\" alt=\"\" class=\"wp-image-45\" style=\"aspect-ratio:0.8476259850341037\" srcset=\"https:\/\/mirelladiaz.fpcei.eu\/wp-content\/uploads\/2026\/01\/IMG_0107-1.jpeg 812w, https:\/\/mirelladiaz.fpcei.eu\/wp-content\/uploads\/2026\/01\/IMG_0107-1-254x300.jpeg 254w, https:\/\/mirelladiaz.fpcei.eu\/wp-content\/uploads\/2026\/01\/IMG_0107-1-768x906.jpeg 768w\" sizes=\"auto, (max-width: 812px) 100vw, 812px\" \/><\/figure>\n<\/div>\n\n\n\n<div class=\"wp-block-column is-vertically-aligned-center is-layout-flow wp-block-column-is-layout-flow\">\n<figure class=\"wp-block-image size-large\"><img loading=\"lazy\" decoding=\"async\" width=\"1024\" height=\"1024\" src=\"https:\/\/mirelladiaz.fpcei.eu\/wp-content\/uploads\/2026\/01\/IMG_0110-1024x1024.jpeg\" alt=\"\" class=\"wp-image-47\" srcset=\"https:\/\/mirelladiaz.fpcei.eu\/wp-content\/uploads\/2026\/01\/IMG_0110-1024x1024.jpeg 1024w, https:\/\/mirelladiaz.fpcei.eu\/wp-content\/uploads\/2026\/01\/IMG_0110-300x300.jpeg 300w, https:\/\/mirelladiaz.fpcei.eu\/wp-content\/uploads\/2026\/01\/IMG_0110-150x150.jpeg 150w, https:\/\/mirelladiaz.fpcei.eu\/wp-content\/uploads\/2026\/01\/IMG_0110-768x768.jpeg 768w, https:\/\/mirelladiaz.fpcei.eu\/wp-content\/uploads\/2026\/01\/IMG_0110.jpeg 1200w\" sizes=\"auto, (max-width: 1024px) 100vw, 1024px\" \/><\/figure>\n\n\n\n<div class=\"wp-block-columns is-layout-flex wp-container-core-columns-is-layout-28f84493 wp-block-columns-is-layout-flex\">\n<div class=\"wp-block-column is-layout-flow wp-block-column-is-layout-flow\"><\/div>\n\n\n\n<div class=\"wp-block-column is-layout-flow wp-block-column-is-layout-flow\"><\/div>\n<\/div>\n<\/div>\n<\/div>\n\n\n\n<p><\/p>\n\n\n\n<h2 class=\"wp-block-heading has-text-align-left\">Evanescence<\/h2>\n\n\n\n<figure class=\"wp-block-image alignright size-full is-resized\"><img loading=\"lazy\" decoding=\"async\" width=\"300\" height=\"300\" src=\"https:\/\/mirelladiaz.fpcei.eu\/wp-content\/uploads\/2026\/01\/IMG_0111-1.jpeg\" alt=\"\" class=\"wp-image-51\" style=\"width:405px;height:auto\" srcset=\"https:\/\/mirelladiaz.fpcei.eu\/wp-content\/uploads\/2026\/01\/IMG_0111-1.jpeg 300w, https:\/\/mirelladiaz.fpcei.eu\/wp-content\/uploads\/2026\/01\/IMG_0111-1-150x150.jpeg 150w\" sizes=\"auto, (max-width: 300px) 100vw, 300px\" \/><\/figure>\n\n\n\n<blockquote class=\"wp-block-quote is-layout-flow wp-block-quote-is-layout-flow\">\n<p><strong>Evanescence<\/strong>&nbsp;es una banda&nbsp;<a href=\"https:\/\/es.wikipedia.org\/wiki\/Estadounidense\">estadounidense<\/a>&nbsp;de&nbsp;<a href=\"https:\/\/es.wikipedia.org\/wiki\/Goth_metal\">goth metal<\/a>&nbsp;y&nbsp;<a href=\"https:\/\/es.wikipedia.org\/wiki\/Rock_alternativo\">rock alternativo<\/a>&nbsp;fundada en&nbsp;<a href=\"https:\/\/es.wikipedia.org\/wiki\/Little_Rock\">Little Rock<\/a>,&nbsp;<a href=\"https:\/\/es.wikipedia.org\/wiki\/Arkansas\">Arkansas<\/a>, en 1994 por la cantante, pianista y compositora&nbsp;<a href=\"https:\/\/es.wikipedia.org\/wiki\/Amy_Lee\">Amy Lee<\/a>&nbsp;y el guitarrista&nbsp;<a href=\"https:\/\/es.wikipedia.org\/wiki\/Ben_Moody\">Ben Moody<\/a>.<\/p>\n\n\n\n<p>Su tercer integrante, el teclista&nbsp;<a href=\"https:\/\/es.wikipedia.org\/wiki\/David_Hodges\">David Hodges<\/a>&nbsp;se uni\u00f3 en 2000.<\/p>\n\n\n\n<p>Todos conocer\u00e9is Evanescence por su canci\u00f3n \u201cBring me to Life\u201d (2003).<\/p>\n<\/blockquote>\n\n\n\n<figure class=\"wp-block-image size-full is-resized\"><img loading=\"lazy\" decoding=\"async\" width=\"508\" height=\"283\" src=\"https:\/\/mirelladiaz.fpcei.eu\/wp-content\/uploads\/2026\/02\/40734B7F-2DB2-47BA-B3B8-9035BDF17FDD.gif\" alt=\"\" class=\"wp-image-173\" style=\"aspect-ratio:1.7951405431157694;width:259px;height:auto\"\/><\/figure>\n\n\n\n<p><\/p>\n\n\n\n<p><\/p>\n\n\n\n<p><\/p>\n\n\n\n<h2 class=\"wp-block-heading\">The Smiths<\/h2>\n\n\n\n<blockquote class=\"wp-block-quote is-layout-flow wp-block-quote-is-layout-flow\">\n<p><strong>The Smiths<\/strong>&nbsp;fue un grupo ingl\u00e9s de&nbsp;<a href=\"https:\/\/es.wikipedia.org\/wiki\/Rock_alternativo\">rock alternativo<\/a>&nbsp;formado en&nbsp;<a href=\"https:\/\/es.wikipedia.org\/wiki\/M%C3%A1nchester\">M\u00e1nchester<\/a>&nbsp;en 1982. Estaba integrado por&nbsp;<a href=\"https:\/\/es.wikipedia.org\/wiki\/Morrissey\">Morrissey<\/a>&nbsp;(vocalista),&nbsp;<a href=\"https:\/\/es.wikipedia.org\/wiki\/Johnny_Marr\">Johnny Marr<\/a>&nbsp;(guitarrista),&nbsp;<a href=\"https:\/\/es.wikipedia.org\/wiki\/Andy_Rourke\">Andy Rourke<\/a>&nbsp;(bajista) y&nbsp;<a href=\"https:\/\/es.wikipedia.org\/wiki\/Mike_Joyce\">Mike Joyce<\/a>&nbsp;(bater\u00eda). Ha sido denominada por los cr\u00edticos como la banda m\u00e1s importante de rock que surgi\u00f3 en la escena de&nbsp;<a href=\"https:\/\/es.wikipedia.org\/wiki\/M%C3%BAsica_independiente\">m\u00fasica independiente<\/a>&nbsp;brit\u00e1nica de la d\u00e9cada de 1980.<\/p>\n<\/blockquote>\n\n\n\n<div class=\"wp-block-columns is-layout-flex wp-container-core-columns-is-layout-28f84493 wp-block-columns-is-layout-flex\">\n<div class=\"wp-block-column is-layout-flow wp-block-column-is-layout-flow\">\n<figure class=\"wp-block-image size-full is-resized\"><img loading=\"lazy\" decoding=\"async\" width=\"500\" height=\"576\" src=\"https:\/\/mirelladiaz.fpcei.eu\/wp-content\/uploads\/2026\/01\/IMG_0114.jpeg\" alt=\"\" class=\"wp-image-54\" style=\"aspect-ratio:0.8680908782638183;width:156px;height:auto\" srcset=\"https:\/\/mirelladiaz.fpcei.eu\/wp-content\/uploads\/2026\/01\/IMG_0114.jpeg 500w, https:\/\/mirelladiaz.fpcei.eu\/wp-content\/uploads\/2026\/01\/IMG_0114-260x300.jpeg 260w\" sizes=\"auto, (max-width: 500px) 100vw, 500px\" \/><\/figure>\n<\/div>\n\n\n\n<div class=\"wp-block-column is-layout-flow wp-block-column-is-layout-flow\">\n<figure class=\"wp-block-image size-large\"><img loading=\"lazy\" decoding=\"async\" width=\"758\" height=\"1024\" src=\"https:\/\/mirelladiaz.fpcei.eu\/wp-content\/uploads\/2026\/01\/IMG_0113-758x1024.jpeg\" alt=\"\" class=\"wp-image-55\" srcset=\"https:\/\/mirelladiaz.fpcei.eu\/wp-content\/uploads\/2026\/01\/IMG_0113-758x1024.jpeg 758w, https:\/\/mirelladiaz.fpcei.eu\/wp-content\/uploads\/2026\/01\/IMG_0113-222x300.jpeg 222w, https:\/\/mirelladiaz.fpcei.eu\/wp-content\/uploads\/2026\/01\/IMG_0113-768x1038.jpeg 768w, https:\/\/mirelladiaz.fpcei.eu\/wp-content\/uploads\/2026\/01\/IMG_0113.jpeg 888w\" sizes=\"auto, (max-width: 758px) 100vw, 758px\" \/><\/figure>\n<\/div>\n\n\n\n<div class=\"wp-block-column is-layout-flow wp-block-column-is-layout-flow\">\n<figure class=\"wp-block-image size-large\"><img loading=\"lazy\" decoding=\"async\" width=\"1024\" height=\"813\" src=\"https:\/\/mirelladiaz.fpcei.eu\/wp-content\/uploads\/2026\/01\/IMG_0112-1024x813.jpeg\" alt=\"\" class=\"wp-image-56\" srcset=\"https:\/\/mirelladiaz.fpcei.eu\/wp-content\/uploads\/2026\/01\/IMG_0112-1024x813.jpeg 1024w, https:\/\/mirelladiaz.fpcei.eu\/wp-content\/uploads\/2026\/01\/IMG_0112-300x238.jpeg 300w, https:\/\/mirelladiaz.fpcei.eu\/wp-content\/uploads\/2026\/01\/IMG_0112-768x610.jpeg 768w, https:\/\/mirelladiaz.fpcei.eu\/wp-content\/uploads\/2026\/01\/IMG_0112.jpeg 1136w\" sizes=\"auto, (max-width: 1024px) 100vw, 1024px\" \/><\/figure>\n<\/div>\n<\/div>\n\n\n\n<div class=\"wp-block-columns is-layout-flex wp-container-core-columns-is-layout-28f84493 wp-block-columns-is-layout-flex\">\n<div class=\"wp-block-column is-layout-flow wp-block-column-is-layout-flow\">\n<figure class=\"wp-block-image size-full\"><img loading=\"lazy\" decoding=\"async\" width=\"540\" height=\"398\" src=\"https:\/\/mirelladiaz.fpcei.eu\/wp-content\/uploads\/2026\/02\/1E9CD63B-C86D-449C-A094-14249F8815C8-1.gif\" alt=\"\" class=\"wp-image-181\"\/><\/figure>\n<\/div>\n\n\n\n<div class=\"wp-block-column is-layout-flow wp-block-column-is-layout-flow\">\n<figure class=\"wp-block-image size-full\"><img loading=\"lazy\" decoding=\"async\" width=\"480\" height=\"270\" src=\"https:\/\/mirelladiaz.fpcei.eu\/wp-content\/uploads\/2026\/02\/A0E62775-BD24-45BB-A290-88B0BDEEC8DD.gif\" alt=\"\" class=\"wp-image-182\"\/><\/figure>\n<\/div>\n\n\n\n<div class=\"wp-block-column is-layout-flow wp-block-column-is-layout-flow\">\n<figure class=\"wp-block-image size-large\"><img loading=\"lazy\" decoding=\"async\" width=\"1024\" height=\"576\" src=\"https:\/\/mirelladiaz.fpcei.eu\/wp-content\/uploads\/2026\/02\/IMG_0236-1024x576.jpeg\" alt=\"\" class=\"wp-image-183\" srcset=\"https:\/\/mirelladiaz.fpcei.eu\/wp-content\/uploads\/2026\/02\/IMG_0236-1024x576.jpeg 1024w, https:\/\/mirelladiaz.fpcei.eu\/wp-content\/uploads\/2026\/02\/IMG_0236-300x169.jpeg 300w, https:\/\/mirelladiaz.fpcei.eu\/wp-content\/uploads\/2026\/02\/IMG_0236-768x432.jpeg 768w, https:\/\/mirelladiaz.fpcei.eu\/wp-content\/uploads\/2026\/02\/IMG_0236.jpeg 1200w\" sizes=\"auto, (max-width: 1024px) 100vw, 1024px\" \/><\/figure>\n<\/div>\n<\/div>\n","protected":false},"excerpt":{"rendered":"<p>La m\u00fasica de la d\u00e9cada de los 2000 fue definida por una mezcla de pop-punk, rock alternativo, indie rock\u2026 Recordaremos grupos no tan conocidos, que merecen salir a la superficie una vez m\u00e1s&#x1fabd; HIM HIM&nbsp;(a veces estilizado como H.I.M.) fue una banda de&nbsp;rock g\u00f3tico&nbsp;finlandesa&nbsp;de&nbsp;Helsinki. Formada por primera vez en 1991 por el vocalista&nbsp;Ville Valo&nbsp;y el [&hellip;]<\/p>\n","protected":false},"author":2,"featured_media":0,"parent":0,"menu_order":0,"comment_status":"closed","ping_status":"closed","template":"","meta":{"footnotes":""},"class_list":["post-24","page","type-page","status-publish","hentry"],"_links":{"self":[{"href":"https:\/\/mirelladiaz.fpcei.eu\/index.php?rest_route=\/wp\/v2\/pages\/24","targetHints":{"allow":["GET"]}}],"collection":[{"href":"https:\/\/mirelladiaz.fpcei.eu\/index.php?rest_route=\/wp\/v2\/pages"}],"about":[{"href":"https:\/\/mirelladiaz.fpcei.eu\/index.php?rest_route=\/wp\/v2\/types\/page"}],"author":[{"embeddable":true,"href":"https:\/\/mirelladiaz.fpcei.eu\/index.php?rest_route=\/wp\/v2\/users\/2"}],"replies":[{"embeddable":true,"href":"https:\/\/mirelladiaz.fpcei.eu\/index.php?rest_route=%2Fwp%2Fv2%2Fcomments&post=24"}],"version-history":[{"count":7,"href":"https:\/\/mirelladiaz.fpcei.eu\/index.php?rest_route=\/wp\/v2\/pages\/24\/revisions"}],"predecessor-version":[{"id":184,"href":"https:\/\/mirelladiaz.fpcei.eu\/index.php?rest_route=\/wp\/v2\/pages\/24\/revisions\/184"}],"wp:attachment":[{"href":"https:\/\/mirelladiaz.fpcei.eu\/index.php?rest_route=%2Fwp%2Fv2%2Fmedia&parent=24"}],"curies":[{"name":"wp","href":"https:\/\/api.w.org\/{rel}","templated":true}]}}